3?
False
Is 11 a factor of 352?
True
Is 770 a multiple of 28?
False
Is 1753 a multiple of 38?
False
Is 13240 a multiple of 4?
True
Is 3 a factor of 303?
True
Is 2175 a multiple of 29?
True
Is 23 a factor of 996?
False
Is 2951 a multiple of 48?
False
Does 4 divide 6269?
False
Is 26 a factor of 598?
True
Is 8766 a multiple of 18?
True
Is 65 a factor of 5005?
True
Is 807 a multiple of 3?
True
Is 1867 a multiple of 38?
False
Is 24 a factor of 240?
True
Is 13 a factor of 4498?
True
Does 69 divide 621?
True
Is 10 a factor of 2435?
False
Is 113448 a multiple of 163?
True
Does 97 divide 1537?
False
Is 652 a multiple of 44?
False
Is 13 a factor of 6760?
True
Is 42613 a multiple of 19?
False
Does 12 divide 19776?
True
Is 8 a factor of 492?
False
Is 290 a factor of 118042?
False
Is 2721 a multiple of 3?
True
Is 24 a factor of 3960?
True
Is 4 a factor of 323?
False
Is 29525 a multiple of 241?
False
Is 3 a factor of 99?
True
Is 7 a factor of 31185?
True
Is 37 a factor of 1700?
False
Does 243 divide 11664?
True
Does 6 divide 53?
False
Does 53 divide 742?
True
Does 25 divide 575?
True
Is 75 a factor of 1125?
True
Is 5214 a multiple of 41?
False
Does 17 divide 6035?
True
Does 17 divide 2112?
False
Does 26 divide 23661?
False
Is 35 a factor of 805?
True
Is 131 a factor of 45326?
True
Is 1210 a multiple of 11?
True
Is 209 a multiple of 43?
False
Is 3789 a multiple of 8?
False
Is 17 a factor of 2533?
True
Is 40 a factor of 1480?
True
Does 11 divide 562?
False
Is 2100 a multiple of 150?
True
Is 858 a multiple of 3?
True
Is 936 a multiple of 4?
True
Is 23 a factor of 735?
False
Is 3305 a multiple of 16?
False
Does 20 divide 2379?
False
Is 69 a factor of 583?
False
Is 8080 a multiple of 20?
True
Does 26 divide 24050?
True
Is 12 a factor of 7916?
False
Does 5 divide 1825?
True
Is 52 a factor of 312?
True
Is 3310 a multiple of 4?
False
Does 17 divide 2516?
True
Is 16 a factor of 1309?
False
Is 5629 a multiple of 27?
False
Is 3723 a multiple of 73?
True
Is 35 a factor of 6466?
False
Does 61 divide 10747?
False
Is 19 a factor of 154?
False
Is 88 a multiple of 4?
True
Does 32 divide 744?
False
Does 90 divide 1061?
False
Does 227 divide 21338?
True
Is 3883 a multiple of 11?
True
Is 16990 a multiple of 10?
True
Does 32 divide 13664?
True
Does 58 divide 5858?
True
Is 3240 a multiple of 90?
True
Is 72 a factor of 36233?
False
Is 54 a factor of 648?
True
Does 13 divide 83278?
True
Is 2175 a multiple of 7?
False
Is 26845 a multiple of 7?
True
Is 1583 a multiple of 52?
False
Is 58 a factor of 7308?
True
Is 42 a factor of 31956?
False
Is 12190 a multiple of 53?
True
Is 3330 a multiple of 30?
True
Is 16 a factor of 5127?
False
Is 2260 a multiple of 26?
False
Is 16 a factor of 288?
True
Does 95 divide 5700?
True
Does 37 divide 333?
True
Is 6857 a multiple of 63?
False
Is 45 a factor of 7875?
True
Is 112 a factor of 20384?
True
Is 1341 a multiple of 2?
False
Does 17 divide 2720?
True
Is 26 a factor of 6318?
True
Does 71 divide 6532?
True
Is 7670 a multiple of 13?
True
Is 6 a factor of 4260?
True
Is 16 a factor of 21365?
False
Is 26 a factor of 11837?
False
Is 6963 a multiple of 71?
False
Is 6 a factor of 768?
True
Does 193 divide 44004?
True
Is 288 a multiple of 9?
True
Does 22 divide 110?
True
Is 19280 a multiple of 16?
True
Is 187 a factor of 18669?
False
Is 19 a factor of 29462?
False
Is 34548 a multiple of 34?
False
Is 3902 a multiple of 17?
False
Is 5715 a multiple of 45?
True
Is 86 a factor of 2322?
True
Is 5432 a multiple of 8?
True
Is 31 a factor of 31?
True
Does 17 divide 833?
True
Is 4487 a multiple of 129?
False
Is 54 a factor of 3672?
True
Does 15 divide 7980?
True
Does 5 divide 1920?
True
Does 10 divide 18930?
True
Is 3 a factor of 60?
True
Does 49 divide 38843?
False
Is 8 a factor of 432?
True
Is 4 a factor of 150?
False
Is 1242 a multiple of 54?
True
Is 3 a factor of 2036?
False
Is 21303 a multiple of 9?
True
Is 1665 a multiple of 8?
False
Does 29 divide 3677?
False
Does 29 divide 493?
True
Does 5 divide 11387?
False
Does 67 divide 10838?
False
Is 892 a multiple of 7?
False
Is 16 a factor of 1913?
False
Is 65 a factor of 9490?
True
Is 4620 a multiple of 14?
True
Is 23 a factor of 16810?
False
Is 13 a factor of 153?
False
Is 18 a factor of 792?
True
Is 3349 a multiple of 8?
False
Does 25 divide 2012?
False
Does 10 divide 9741?
False
Is 4 a factor of 212?
True
Is 59581 a multiple of 362?
False
Does 33 divide 8349?
True
Is 17 a factor of 128?
False
Is 3 a factor of 4362?
True
Is 26 a factor of 21970?
True
Is 101 a factor of 11678?
False
Does 82 divide 1558?
True
Is 11 a factor of 957?
True
Does 10 divide 1720?
True
Is 78 a multiple of 39?
True
Is 379 a multiple of 13?
False
Is 14 a factor of 7636?
False
Does 117 divide 2691?
True
Does 103 divide 5874?
False
Does 5 divide 420?
True
Is 6093 a multiple of 6?
False
Is 10744 a multiple of 9?
False
Is 351 a multiple of 94?
False
Is 17 a factor of 659?
False
Is 43 a multiple of 17?
False
Does 9 divide 2271?
False
Is 522 a multiple of 4?
False
Is 220 a multiple of 10?
True
Is 5776 a multiple of 13?
False
Does 75 divide 1725?
True
Is 5960 a multiple of 149?
True
Does 164 divide 27388?
True
Is 44 a factor of 1003?
False
Does 3 divide 2586?
True
Is 7 a factor of 385?
True
Is 36 a factor of 36?
True
Is 6 a factor of 190?
False
Is 3993 a multiple of 11?
True
Does 22 divide 1958?
True
Is 22588 a multiple of 67?
False
Does 66 divide 19745?
False
Does 2 divide 5061?
False
Is 2208 a multiple of 24?
True
Does 15 divide 393?
False
Does 152 divide 5472?
True
Is 257 a multiple of 39?
False
Is 5 a factor of 970?
True
Is 118560 a multiple of 480?
True
Is 3650 a multiple of 7?
False
Does 7 divide 84?
True
Does 4 divide 3408?
True
Is 3520 a multiple of 88?
True
Is 528 a multiple of 4?
True
Does 95 divide 3515?
True
Does 187 divide 1929?
False
Is 24 a factor of 144?
True
Is 81 a factor of 4212?
True
Is 11088 a multiple of 28?
True
Is 13692 a multiple of 12?
True
Is 2 a factor of 104?
True
Does 40 divide 170720?
True
Is 20 a multiple of 15?
False
Does 12 divide 1848?
True
Is 48 a multiple of 14?
False
Does 30 divide 5236?
False
Is 13 a factor of 1326?
True
Is 91 a factor of 3536?
False
Is 24650 a multiple of 24?
False
Does 113 divide 29449?
False
Is 19 a factor of 360?
False
Does 5 divide 403?
False
Does 98 divide 1724?
False
Does 4 divide 32613?
False
Does 22 divide 5214?
True
Is 1457 a multiple of 25?
False
Is 13 a factor of 1951?
False
Is 2652 a multiple of 78?
True
Is 14 a factor of 5740?
True
Does 2 divide 70?
True
Is 6552 a multiple of 6?
True
Is 20 a factor of 1680?
True
Is 11 a factor of 18?
False
Is 364 even?
True
Is 16595 a multiple of 23?
False
Is 30672 a multiple of 72?
True
Is 56 a factor of 29759?
False
Does 15 divide 14016?
False
Is 762 a multiple of 3?
True
Does 15 divide 11025?
True
Is 8791 a multiple of 13?
False
Is 16 a factor of 10512?
True
Is 6 a factor of 119?
False
Does 7 divide 231?
True
Does 216 divide 13900?
False
Is 625 a multiple of 25?
True
Is 5580 a multiple of 20?
True
Is 4725 a multiple of 75?
True
Does 13 divide 104?
True
Is 1136 a multiple of 3?
False
Is 2180 a multiple of 4?
True
Is 10 a multiple of 3?
False
Is 17 a factor of 10578?
False
Is 73 a multiple of 31?
False
Is 2 a factor of 20?
True
Is 12604 a multiple of 137?
True
Is 37 a factor of 588?
False
Does 7 divide 247?
False
Does 14 divide 240?
False
Is 21 a factor of 15813?
True
Does 53 divide 7813?
False
Does 16 divide 3504?
True
Is 4880 a multiple of 80?
True
Is 13 a factor of 1536?
False
Does 12 divide 312?
True
Is 56 a multiple of 7?
True
Is 14 a factor of 2492?
True
Is 656 a multiple of 53?
False
Is 143 a factor of 153525?
False
Is 4843 a multiple of 4?
False
Does 12 divide 9507?
False
Is 5 a factor of 1480?
True
Does 37 divide 4604?
False
Is 153 a factor of 306?
True
Is 19 a factor of 1083?
True
Does 85 divide 52385?
False
Does 5 divide 5660?
True
Does 6 divide 135?
False
Is 416 a factor of 37856?
True
Is 4587 a multiple of 43?
False
Does 135 divide 7965?
True
Is 64 a factor of 40832?
True
Is 12 a factor of 1020?
True
Is 7 a factor of 522?
False
Does 11 divide 715?
True
Is 2356 a multiple of 31?
True
Is 3128 a multiple of 46?
True
Is 85 a factor of 17722?
False
Does 13 divide 1934?
False
Is 125 a factor of 750?
True
Is 5 a factor of 20880?
True
